{"id":101,"date":"2024-05-13T15:24:02","date_gmt":"2024-05-13T15:24:02","guid":{"rendered":"https:\/\/www.abades-delasombralaluz.com\/?page_id=101"},"modified":"2024-07-29T10:48:29","modified_gmt":"2024-07-29T08:48:29","slug":"home","status":"publish","type":"page","link":"https:\/\/www.abades-delasombralaluz.com\/fr\/","title":{"rendered":"Accueil"},"content":{"rendered":"","protected":false},"excerpt":{"rendered":"<p>La Villa \u00ab\u00a0de l\u2019Ombre \u00e0 la Lumi\u00e8re\u00a0\u00bb, enti\u00e8rement r\u00e9nov\u00e9e, se situe dans un quartier tr\u00e8s calme, dans le Sud ensoleill\u00e9 de l\u2019\u00eele, \u00e0 seulement 6 minutes \u00e0 pied des plages de sable d\u2019Abades.<\/p>\n","protected":false},"author":1,"featured_media":746,"parent":0,"menu_order":0,"comment_status":"closed","ping_status":"closed","template":"","meta":{"_monsterinsights_skip_tracking":false,"_monsterinsights_sitenote_active":false,"_monsterinsights_sitenote_note":"","_monsterinsights_sitenote_category":0,"footnotes":""},"class_list":["post-101","page","type-page","status-publish","has-post-thumbnail","hentry"],"yoast_head":"<!-- This site is optimized with the Yoast SEO plugin v26.6 - https:\/\/yoast.com\/wordpress\/plugins\/seo\/ -->\n<title>Location villa Abades Tenerife - Villa Sombra a la Luz<\/title>\n<meta name=\"description\" content=\"Location villa Abades Tenerife - Villa Sombra a la Luz \u00e0 louer pour les vacances dans le village d&#039;Abades a deux pas de la plage.\" \/>\n<meta name=\"robots\" content=\"index, follow, max-snippet:-1, max-image-preview:large, max-video-preview:-1\" \/>\n<link rel=\"canonical\" href=\"https:\/\/www.abades-delasombralaluz.com\/fr\/\" \/>\n<meta property=\"og:locale\" content=\"fr_FR\" \/>\n<meta property=\"og:type\" content=\"article\" \/>\n<meta property=\"og:title\" content=\"Location villa Abades Tenerife - Villa Sombra a la Luz\" \/>\n<meta property=\"og:description\" content=\"Location villa Abades Tenerife - Villa Sombra a la Luz \u00e0 louer pour les vacances dans le village d&#039;Abades a deux pas de la plage.\" \/>\n<meta property=\"og:url\" content=\"https:\/\/www.abades-delasombralaluz.com\/fr\/\" \/>\n<meta property=\"og:site_name\" content=\"Villa de la Sombra a la Luz\" \/>\n<meta property=\"article:modified_time\" content=\"2024-07-29T08:48:29+00:00\" \/>\n<meta property=\"og:image\" content=\"https:\/\/www.abades-delasombralaluz.com\/wp-content\/uploads\/2024\/05\/abades-villa-sombra-la-luz.jpg\" \/>\n\t<meta property=\"og:image:width\" content=\"1920\" \/>\n\t<meta property=\"og:image:height\" content=\"969\" \/>\n\t<meta property=\"og:image:type\" content=\"image\/jpeg\" \/>\n<meta name=\"twitter:card\" content=\"summary_large_image\" \/>\n<meta name=\"twitter:label1\" content=\"Dur\u00e9e de lecture estim\u00e9e\" \/>\n\t<meta name=\"twitter:data1\" content=\"1 minute\" \/>\n<script type=\"application\/ld+json\" class=\"yoast-schema-graph\">{\"@context\":\"https:\/\/schema.org\",\"@graph\":[{\"@type\":\"WebPage\",\"@id\":\"https:\/\/www.abades-delasombralaluz.com\/fr\/\",\"url\":\"https:\/\/www.abades-delasombralaluz.com\/fr\/\",\"name\":\"Location villa Abades Tenerife - Villa Sombra a la Luz\",\"isPartOf\":{\"@id\":\"https:\/\/www.abades-delasombralaluz.com\/es\/#website\"},\"primaryImageOfPage\":{\"@id\":\"https:\/\/www.abades-delasombralaluz.com\/fr\/#primaryimage\"},\"image\":{\"@id\":\"https:\/\/www.abades-delasombralaluz.com\/fr\/#primaryimage\"},\"thumbnailUrl\":\"https:\/\/www.abades-delasombralaluz.com\/wp-content\/uploads\/2024\/05\/abades-villa-sombra-la-luz.jpg\",\"datePublished\":\"2024-05-13T15:24:02+00:00\",\"dateModified\":\"2024-07-29T08:48:29+00:00\",\"description\":\"Location villa Abades Tenerife - Villa Sombra a la Luz \u00e0 louer pour les vacances dans le village d'Abades a deux pas de la plage.\",\"breadcrumb\":{\"@id\":\"https:\/\/www.abades-delasombralaluz.com\/fr\/#breadcrumb\"},\"inLanguage\":\"fr-FR\",\"potentialAction\":[{\"@type\":\"ReadAction\",\"target\":[\"https:\/\/www.abades-delasombralaluz.com\/fr\/\"]}]},{\"@type\":\"ImageObject\",\"inLanguage\":\"fr-FR\",\"@id\":\"https:\/\/www.abades-delasombralaluz.com\/fr\/#primaryimage\",\"url\":\"https:\/\/www.abades-delasombralaluz.com\/wp-content\/uploads\/2024\/05\/abades-villa-sombra-la-luz.jpg\",\"contentUrl\":\"https:\/\/www.abades-delasombralaluz.com\/wp-content\/uploads\/2024\/05\/abades-villa-sombra-la-luz.jpg\",\"width\":1920,\"height\":969},{\"@type\":\"BreadcrumbList\",\"@id\":\"https:\/\/www.abades-delasombralaluz.com\/fr\/#breadcrumb\",\"itemListElement\":[{\"@type\":\"ListItem\",\"position\":1,\"name\":\"Accueil\",\"item\":\"https:\/\/www.abades-delasombralaluz.com\/fr\/\"},{\"@type\":\"ListItem\",\"position\":2,\"name\":\"Accueil\"}]},{\"@type\":\"WebSite\",\"@id\":\"https:\/\/www.abades-delasombralaluz.com\/es\/#website\",\"url\":\"https:\/\/www.abades-delasombralaluz.com\/es\/\",\"name\":\"Villa de la Sombra a la Luz\",\"description\":\"Location de vacances\",\"publisher\":{\"@id\":\"https:\/\/www.abades-delasombralaluz.com\/es\/#organization\"},\"potentialAction\":[{\"@type\":\"SearchAction\",\"target\":{\"@type\":\"EntryPoint\",\"urlTemplate\":\"https:\/\/www.abades-delasombralaluz.com\/es\/?s={search_term_string}\"},\"query-input\":{\"@type\":\"PropertyValueSpecification\",\"valueRequired\":true,\"valueName\":\"search_term_string\"}}],\"inLanguage\":\"fr-FR\"},{\"@type\":\"Organization\",\"@id\":\"https:\/\/www.abades-delasombralaluz.com\/es\/#organization\",\"name\":\"Villa de la Sombra a la Luz\",\"url\":\"https:\/\/www.abades-delasombralaluz.com\/es\/\",\"logo\":{\"@type\":\"ImageObject\",\"inLanguage\":\"fr-FR\",\"@id\":\"https:\/\/www.abades-delasombralaluz.com\/es\/#\/schema\/logo\/image\/\",\"url\":\"https:\/\/www.abades-delasombralaluz.com\/wp-content\/uploads\/2024\/05\/logo-villa-abades.png\",\"contentUrl\":\"https:\/\/www.abades-delasombralaluz.com\/wp-content\/uploads\/2024\/05\/logo-villa-abades.png\",\"width\":150,\"height\":120,\"caption\":\"Villa de la Sombra a la Luz\"},\"image\":{\"@id\":\"https:\/\/www.abades-delasombralaluz.com\/es\/#\/schema\/logo\/image\/\"}}]}<\/script>\n<!-- \/ Yoast SEO plugin. -->","yoast_head_json":{"title":"Location villa Abades Tenerife - Villa Sombra a la Luz","description":"Location villa Abades Tenerife - Villa Sombra a la Luz \u00e0 louer pour les vacances dans le village d'Abades a deux pas de la plage.","robots":{"index":"index","follow":"follow","max-snippet":"max-snippet:-1","max-image-preview":"max-image-preview:large","max-video-preview":"max-video-preview:-1"},"canonical":"https:\/\/www.abades-delasombralaluz.com\/fr\/","og_locale":"fr_FR","og_type":"article","og_title":"Location villa Abades Tenerife - Villa Sombra a la Luz","og_description":"Location villa Abades Tenerife - Villa Sombra a la Luz \u00e0 louer pour les vacances dans le village d'Abades a deux pas de la plage.","og_url":"https:\/\/www.abades-delasombralaluz.com\/fr\/","og_site_name":"Villa de la Sombra a la Luz","article_modified_time":"2024-07-29T08:48:29+00:00","og_image":[{"width":1920,"height":969,"url":"https:\/\/www.abades-delasombralaluz.com\/wp-content\/uploads\/2024\/05\/abades-villa-sombra-la-luz.jpg","type":"image\/jpeg"}],"twitter_card":"summary_large_image","twitter_misc":{"Dur\u00e9e de lecture estim\u00e9e":"1 minute"},"schema":{"@context":"https:\/\/schema.org","@graph":[{"@type":"WebPage","@id":"https:\/\/www.abades-delasombralaluz.com\/fr\/","url":"https:\/\/www.abades-delasombralaluz.com\/fr\/","name":"Location villa Abades Tenerife - Villa Sombra a la Luz","isPartOf":{"@id":"https:\/\/www.abades-delasombralaluz.com\/es\/#website"},"primaryImageOfPage":{"@id":"https:\/\/www.abades-delasombralaluz.com\/fr\/#primaryimage"},"image":{"@id":"https:\/\/www.abades-delasombralaluz.com\/fr\/#primaryimage"},"thumbnailUrl":"https:\/\/www.abades-delasombralaluz.com\/wp-content\/uploads\/2024\/05\/abades-villa-sombra-la-luz.jpg","datePublished":"2024-05-13T15:24:02+00:00","dateModified":"2024-07-29T08:48:29+00:00","description":"Location villa Abades Tenerife - Villa Sombra a la Luz \u00e0 louer pour les vacances dans le village d'Abades a deux pas de la plage.","breadcrumb":{"@id":"https:\/\/www.abades-delasombralaluz.com\/fr\/#breadcrumb"},"inLanguage":"fr-FR","potentialAction":[{"@type":"ReadAction","target":["https:\/\/www.abades-delasombralaluz.com\/fr\/"]}]},{"@type":"ImageObject","inLanguage":"fr-FR","@id":"https:\/\/www.abades-delasombralaluz.com\/fr\/#primaryimage","url":"https:\/\/www.abades-delasombralaluz.com\/wp-content\/uploads\/2024\/05\/abades-villa-sombra-la-luz.jpg","contentUrl":"https:\/\/www.abades-delasombralaluz.com\/wp-content\/uploads\/2024\/05\/abades-villa-sombra-la-luz.jpg","width":1920,"height":969},{"@type":"BreadcrumbList","@id":"https:\/\/www.abades-delasombralaluz.com\/fr\/#breadcrumb","itemListElement":[{"@type":"ListItem","position":1,"name":"Accueil","item":"https:\/\/www.abades-delasombralaluz.com\/fr\/"},{"@type":"ListItem","position":2,"name":"Accueil"}]},{"@type":"WebSite","@id":"https:\/\/www.abades-delasombralaluz.com\/es\/#website","url":"https:\/\/www.abades-delasombralaluz.com\/es\/","name":"Villa de la Sombra a la Luz","description":"Location de vacances","publisher":{"@id":"https:\/\/www.abades-delasombralaluz.com\/es\/#organization"},"potentialAction":[{"@type":"SearchAction","target":{"@type":"EntryPoint","urlTemplate":"https:\/\/www.abades-delasombralaluz.com\/es\/?s={search_term_string}"},"query-input":{"@type":"PropertyValueSpecification","valueRequired":true,"valueName":"search_term_string"}}],"inLanguage":"fr-FR"},{"@type":"Organization","@id":"https:\/\/www.abades-delasombralaluz.com\/es\/#organization","name":"Villa de la Sombra a la Luz","url":"https:\/\/www.abades-delasombralaluz.com\/es\/","logo":{"@type":"ImageObject","inLanguage":"fr-FR","@id":"https:\/\/www.abades-delasombralaluz.com\/es\/#\/schema\/logo\/image\/","url":"https:\/\/www.abades-delasombralaluz.com\/wp-content\/uploads\/2024\/05\/logo-villa-abades.png","contentUrl":"https:\/\/www.abades-delasombralaluz.com\/wp-content\/uploads\/2024\/05\/logo-villa-abades.png","width":150,"height":120,"caption":"Villa de la Sombra a la Luz"},"image":{"@id":"https:\/\/www.abades-delasombralaluz.com\/es\/#\/schema\/logo\/image\/"}}]}},"_links":{"self":[{"href":"https:\/\/www.abades-delasombralaluz.com\/fr\/wp-json\/wp\/v2\/pages\/101","targetHints":{"allow":["GET"]}}],"collection":[{"href":"https:\/\/www.abades-delasombralaluz.com\/fr\/wp-json\/wp\/v2\/pages"}],"about":[{"href":"https:\/\/www.abades-delasombralaluz.com\/fr\/wp-json\/wp\/v2\/types\/page"}],"author":[{"embeddable":true,"href":"https:\/\/www.abades-delasombralaluz.com\/fr\/wp-json\/wp\/v2\/users\/1"}],"replies":[{"embeddable":true,"href":"https:\/\/www.abades-delasombralaluz.com\/fr\/wp-json\/wp\/v2\/comments?post=101"}],"version-history":[{"count":0,"href":"https:\/\/www.abades-delasombralaluz.com\/fr\/wp-json\/wp\/v2\/pages\/101\/revisions"}],"wp:featuredmedia":[{"embeddable":true,"href":"https:\/\/www.abades-delasombralaluz.com\/fr\/wp-json\/wp\/v2\/media\/746"}],"wp:attachment":[{"href":"https:\/\/www.abades-delasombralaluz.com\/fr\/wp-json\/wp\/v2\/media?parent=101"}],"curies":[{"name":"wp","href":"https:\/\/api.w.org\/{rel}","templated":true}]}}

<p>La Villa « de l’Ombre à la Lumière », entièrement rénovée, se situe dans un quartier très calme, dans le Sud ensoleillé de l’île, à seulement 6 minutes à pied des plages de sable d’Abades.</p>

<!-- This site is optimized with the Yoast SEO plugin v26.6 - https://yoast.com/wordpress/plugins/seo/ -->
<title>Location villa Abades Tenerife - Villa Sombra a la Luz</title>
<meta name="description" content="Location villa Abades Tenerife - Villa Sombra a la Luz à louer pour les vacances dans le village d&#039;Abades a deux pas de la plage." />
<meta name="robots" content="index, follow, max-snippet:-1, max-image-preview:large, max-video-preview:-1" />
<link rel="canonical" href="https://www.abades-delasombralaluz.com/fr/" />
<meta property="og:locale" content="fr_FR" />
<meta property="og:type" content="article" />
<meta property="og:title" content="Location villa Abades Tenerife - Villa Sombra a la Luz" />
<meta property="og:description" content="Location villa Abades Tenerife - Villa Sombra a la Luz à louer pour les vacances dans le village d&#039;Abades a deux pas de la plage." />
<meta property="og:url" content="https://www.abades-delasombralaluz.com/fr/" />
<meta property="og:site_name" content="Villa de la Sombra a la Luz" />
<meta property="article:modified_time" content="2024-07-29T08:48:29+00:00" />
<meta property="og:image" content="https://www.abades-delasombralaluz.com/wp-content/uploads/2024/05/abades-villa-sombra-la-luz.jpg" />
	<meta property="og:image:width" content="1920" />
	<meta property="og:image:height" content="969" />
	<meta property="og:image:type" content="image/jpeg" />
<meta name="twitter:card" content="summary_large_image" />
<meta name="twitter:label1" content="Durée de lecture estimée" />
	<meta name="twitter:data1" content="1 minute" />
<script type="application/ld+json" class="yoast-schema-graph">{"@context":"https://schema.org","@graph":[{"@type":"WebPage","@id":"https://www.abades-delasombralaluz.com/fr/","url":"https://www.abades-delasombralaluz.com/fr/","name":"Location villa Abades Tenerife - Villa Sombra a la Luz","isPartOf":{"@id":"https://www.abades-delasombralaluz.com/es/#website"},"primaryImageOfPage":{"@id":"https://www.abades-delasombralaluz.com/fr/#primaryimage"},"image":{"@id":"https://www.abades-delasombralaluz.com/fr/#primaryimage"},"thumbnailUrl":"https://www.abades-delasombralaluz.com/wp-content/uploads/2024/05/abades-villa-sombra-la-luz.jpg","datePublished":"2024-05-13T15:24:02+00:00","dateModified":"2024-07-29T08:48:29+00:00","description":"Location villa Abades Tenerife - Villa Sombra a la Luz à louer pour les vacances dans le village d'Abades a deux pas de la plage.","breadcrumb":{"@id":"https://www.abades-delasombralaluz.com/fr/#breadcrumb"},"inLanguage":"fr-FR","potentialAction":[{"@type":"ReadAction","target":["https://www.abades-delasombralaluz.com/fr/"]}]},{"@type":"ImageObject","inLanguage":"fr-FR","@id":"https://www.abades-delasombralaluz.com/fr/#primaryimage","url":"https://www.abades-delasombralaluz.com/wp-content/uploads/2024/05/abades-villa-sombra-la-luz.jpg","contentUrl":"https://www.abades-delasombralaluz.com/wp-content/uploads/2024/05/abades-villa-sombra-la-luz.jpg","width":1920,"height":969},{"@type":"BreadcrumbList","@id":"https://www.abades-delasombralaluz.com/fr/#breadcrumb","itemListElement":[{"@type":"ListItem","position":1,"name":"Accueil","item":"https://www.abades-delasombralaluz.com/fr/"},{"@type":"ListItem","position":2,"name":"Accueil"}]},{"@type":"WebSite","@id":"https://www.abades-delasombralaluz.com/es/#website","url":"https://www.abades-delasombralaluz.com/es/","name":"Villa de la Sombra a la Luz","description":"Location de vacances","publisher":{"@id":"https://www.abades-delasombralaluz.com/es/#organization"},"potentialAction":[{"@type":"SearchAction","target":{"@type":"EntryPoint","urlTemplate":"https://www.abades-delasombralaluz.com/es/?s={search_term_string}"},"query-input":{"@type":"PropertyValueSpecification","valueRequired":true,"valueName":"search_term_string"}}],"inLanguage":"fr-FR"},{"@type":"Organization","@id":"https://www.abades-delasombralaluz.com/es/#organization","name":"Villa de la Sombra a la Luz","url":"https://www.abades-delasombralaluz.com/es/","logo":{"@type":"ImageObject","inLanguage":"fr-FR","@id":"https://www.abades-delasombralaluz.com/es/#/schema/logo/image/","url":"https://www.abades-delasombralaluz.com/wp-content/uploads/2024/05/logo-villa-abades.png","contentUrl":"https://www.abades-delasombralaluz.com/wp-content/uploads/2024/05/logo-villa-abades.png","width":150,"height":120,"caption":"Villa de la Sombra a la Luz"},"image":{"@id":"https://www.abades-delasombralaluz.com/es/#/schema/logo/image/"}}]}</script>
<!-- / Yoast SEO plugin. -->

Location villa Abades Tenerife - Villa Sombra a la Luz à louer pour les vacances dans le village d'Abades a deux pas de la plage.
