{"id":992,"date":"2024-05-13T15:24:02","date_gmt":"2024-05-13T13:24:02","guid":{"rendered":"https:\/\/www.abades-delasombralaluz.com\/la-villa\/"},"modified":"2024-05-30T14:00:26","modified_gmt":"2024-05-30T12:00:26","slug":"la-villa","status":"publish","type":"page","link":"https:\/\/www.abades-delasombralaluz.com\/de\/la-villa\/","title":{"rendered":"Die Villa"},"content":{"rendered":"","protected":false},"excerpt":{"rendered":"<p>Gest\u00e4rkt durch eine ozeanische Gelassenheit bietet Ihnen die Villa de la Sombra a la Luz die n\u00f6tige Privatsph\u00e4re, umgeben von der Natur und der Aussicht, die f\u00fcr einen vulkanischen Ursprung typisch sind.<\/p>\n","protected":false},"author":1,"featured_media":752,"parent":0,"menu_order":0,"comment_status":"closed","ping_status":"closed","template":"","meta":{"_monsterinsights_skip_tracking":false,"_monsterinsights_sitenote_active":false,"_monsterinsights_sitenote_note":"","_monsterinsights_sitenote_category":0,"footnotes":""},"class_list":["post-992","page","type-page","status-publish","has-post-thumbnail","hentry"],"yoast_head":"<!-- This site is optimized with the Yoast SEO plugin v26.6 - https:\/\/yoast.com\/wordpress\/plugins\/seo\/ -->\n<title>Die Villa - Villa de la Sombra a la Luz<\/title>\n<meta name=\"robots\" content=\"index, follow, max-snippet:-1, max-image-preview:large, max-video-preview:-1\" \/>\n<link rel=\"canonical\" href=\"https:\/\/www.abades-delasombralaluz.com\/de\/la-villa\/\" \/>\n<meta property=\"og:locale\" content=\"de_DE\" \/>\n<meta property=\"og:type\" content=\"article\" \/>\n<meta property=\"og:title\" content=\"Die Villa - Villa de la Sombra a la Luz\" \/>\n<meta property=\"og:description\" content=\"Gest\u00e4rkt durch eine ozeanische Gelassenheit bietet Ihnen die Villa de la Sombra a la Luz die n\u00f6tige Privatsph\u00e4re, umgeben von der Natur und der Aussicht, die f\u00fcr einen vulkanischen Ursprung typisch sind.\" \/>\n<meta property=\"og:url\" content=\"https:\/\/www.abades-delasombralaluz.com\/de\/la-villa\/\" \/>\n<meta property=\"og:site_name\" content=\"Villa de la Sombra a la Luz\" \/>\n<meta property=\"article:modified_time\" content=\"2024-05-30T12:00:26+00:00\" \/>\n<meta property=\"og:image\" content=\"https:\/\/www.abades-delasombralaluz.com\/wp-content\/uploads\/2024\/05\/la-villa.jpg\" \/>\n\t<meta property=\"og:image:width\" content=\"1920\" \/>\n\t<meta property=\"og:image:height\" content=\"969\" \/>\n\t<meta property=\"og:image:type\" content=\"image\/jpeg\" \/>\n<meta name=\"twitter:card\" content=\"summary_large_image\" \/>\n<script type=\"application\/ld+json\" class=\"yoast-schema-graph\">{\"@context\":\"https:\/\/schema.org\",\"@graph\":[{\"@type\":\"WebPage\",\"@id\":\"https:\/\/www.abades-delasombralaluz.com\/de\/la-villa\/\",\"url\":\"https:\/\/www.abades-delasombralaluz.com\/de\/la-villa\/\",\"name\":\"Die Villa - Villa de la Sombra a la Luz\",\"isPartOf\":{\"@id\":\"https:\/\/www.abades-delasombralaluz.com\/es\/#website\"},\"primaryImageOfPage\":{\"@id\":\"https:\/\/www.abades-delasombralaluz.com\/de\/la-villa\/#primaryimage\"},\"image\":{\"@id\":\"https:\/\/www.abades-delasombralaluz.com\/de\/la-villa\/#primaryimage\"},\"thumbnailUrl\":\"https:\/\/www.abades-delasombralaluz.com\/wp-content\/uploads\/2024\/05\/la-villa.jpg\",\"datePublished\":\"2024-05-13T13:24:02+00:00\",\"dateModified\":\"2024-05-30T12:00:26+00:00\",\"breadcrumb\":{\"@id\":\"https:\/\/www.abades-delasombralaluz.com\/de\/la-villa\/#breadcrumb\"},\"inLanguage\":\"de\",\"potentialAction\":[{\"@type\":\"ReadAction\",\"target\":[\"https:\/\/www.abades-delasombralaluz.com\/de\/la-villa\/\"]}]},{\"@type\":\"ImageObject\",\"inLanguage\":\"de\",\"@id\":\"https:\/\/www.abades-delasombralaluz.com\/de\/la-villa\/#primaryimage\",\"url\":\"https:\/\/www.abades-delasombralaluz.com\/wp-content\/uploads\/2024\/05\/la-villa.jpg\",\"contentUrl\":\"https:\/\/www.abades-delasombralaluz.com\/wp-content\/uploads\/2024\/05\/la-villa.jpg\",\"width\":1920,\"height\":969},{\"@type\":\"BreadcrumbList\",\"@id\":\"https:\/\/www.abades-delasombralaluz.com\/de\/la-villa\/#breadcrumb\",\"itemListElement\":[{\"@type\":\"ListItem\",\"position\":1,\"name\":\"Accueil\",\"item\":\"https:\/\/www.abades-delasombralaluz.com\/de\/\"},{\"@type\":\"ListItem\",\"position\":2,\"name\":\"Die Villa\"}]},{\"@type\":\"WebSite\",\"@id\":\"https:\/\/www.abades-delasombralaluz.com\/es\/#website\",\"url\":\"https:\/\/www.abades-delasombralaluz.com\/es\/\",\"name\":\"Villa de la Sombra a la Luz\",\"description\":\"Location de vacances\",\"publisher\":{\"@id\":\"https:\/\/www.abades-delasombralaluz.com\/es\/#organization\"},\"potentialAction\":[{\"@type\":\"SearchAction\",\"target\":{\"@type\":\"EntryPoint\",\"urlTemplate\":\"https:\/\/www.abades-delasombralaluz.com\/es\/?s={search_term_string}\"},\"query-input\":{\"@type\":\"PropertyValueSpecification\",\"valueRequired\":true,\"valueName\":\"search_term_string\"}}],\"inLanguage\":\"de\"},{\"@type\":\"Organization\",\"@id\":\"https:\/\/www.abades-delasombralaluz.com\/es\/#organization\",\"name\":\"Villa de la Sombra a la Luz\",\"url\":\"https:\/\/www.abades-delasombralaluz.com\/es\/\",\"logo\":{\"@type\":\"ImageObject\",\"inLanguage\":\"de\",\"@id\":\"https:\/\/www.abades-delasombralaluz.com\/es\/#\/schema\/logo\/image\/\",\"url\":\"https:\/\/www.abades-delasombralaluz.com\/wp-content\/uploads\/2024\/05\/logo-villa-abades.png\",\"contentUrl\":\"https:\/\/www.abades-delasombralaluz.com\/wp-content\/uploads\/2024\/05\/logo-villa-abades.png\",\"width\":150,\"height\":120,\"caption\":\"Villa de la Sombra a la Luz\"},\"image\":{\"@id\":\"https:\/\/www.abades-delasombralaluz.com\/es\/#\/schema\/logo\/image\/\"}}]}<\/script>\n<!-- \/ Yoast SEO plugin. -->","yoast_head_json":{"title":"Die Villa - Villa de la Sombra a la Luz","robots":{"index":"index","follow":"follow","max-snippet":"max-snippet:-1","max-image-preview":"max-image-preview:large","max-video-preview":"max-video-preview:-1"},"canonical":"https:\/\/www.abades-delasombralaluz.com\/de\/la-villa\/","og_locale":"de_DE","og_type":"article","og_title":"Die Villa - Villa de la Sombra a la Luz","og_description":"Gest\u00e4rkt durch eine ozeanische Gelassenheit bietet Ihnen die Villa de la Sombra a la Luz die n\u00f6tige Privatsph\u00e4re, umgeben von der Natur und der Aussicht, die f\u00fcr einen vulkanischen Ursprung typisch sind.","og_url":"https:\/\/www.abades-delasombralaluz.com\/de\/la-villa\/","og_site_name":"Villa de la Sombra a la Luz","article_modified_time":"2024-05-30T12:00:26+00:00","og_image":[{"width":1920,"height":969,"url":"https:\/\/www.abades-delasombralaluz.com\/wp-content\/uploads\/2024\/05\/la-villa.jpg","type":"image\/jpeg"}],"twitter_card":"summary_large_image","schema":{"@context":"https:\/\/schema.org","@graph":[{"@type":"WebPage","@id":"https:\/\/www.abades-delasombralaluz.com\/de\/la-villa\/","url":"https:\/\/www.abades-delasombralaluz.com\/de\/la-villa\/","name":"Die Villa - Villa de la Sombra a la Luz","isPartOf":{"@id":"https:\/\/www.abades-delasombralaluz.com\/es\/#website"},"primaryImageOfPage":{"@id":"https:\/\/www.abades-delasombralaluz.com\/de\/la-villa\/#primaryimage"},"image":{"@id":"https:\/\/www.abades-delasombralaluz.com\/de\/la-villa\/#primaryimage"},"thumbnailUrl":"https:\/\/www.abades-delasombralaluz.com\/wp-content\/uploads\/2024\/05\/la-villa.jpg","datePublished":"2024-05-13T13:24:02+00:00","dateModified":"2024-05-30T12:00:26+00:00","breadcrumb":{"@id":"https:\/\/www.abades-delasombralaluz.com\/de\/la-villa\/#breadcrumb"},"inLanguage":"de","potentialAction":[{"@type":"ReadAction","target":["https:\/\/www.abades-delasombralaluz.com\/de\/la-villa\/"]}]},{"@type":"ImageObject","inLanguage":"de","@id":"https:\/\/www.abades-delasombralaluz.com\/de\/la-villa\/#primaryimage","url":"https:\/\/www.abades-delasombralaluz.com\/wp-content\/uploads\/2024\/05\/la-villa.jpg","contentUrl":"https:\/\/www.abades-delasombralaluz.com\/wp-content\/uploads\/2024\/05\/la-villa.jpg","width":1920,"height":969},{"@type":"BreadcrumbList","@id":"https:\/\/www.abades-delasombralaluz.com\/de\/la-villa\/#breadcrumb","itemListElement":[{"@type":"ListItem","position":1,"name":"Accueil","item":"https:\/\/www.abades-delasombralaluz.com\/de\/"},{"@type":"ListItem","position":2,"name":"Die Villa"}]},{"@type":"WebSite","@id":"https:\/\/www.abades-delasombralaluz.com\/es\/#website","url":"https:\/\/www.abades-delasombralaluz.com\/es\/","name":"Villa de la Sombra a la Luz","description":"Location de vacances","publisher":{"@id":"https:\/\/www.abades-delasombralaluz.com\/es\/#organization"},"potentialAction":[{"@type":"SearchAction","target":{"@type":"EntryPoint","urlTemplate":"https:\/\/www.abades-delasombralaluz.com\/es\/?s={search_term_string}"},"query-input":{"@type":"PropertyValueSpecification","valueRequired":true,"valueName":"search_term_string"}}],"inLanguage":"de"},{"@type":"Organization","@id":"https:\/\/www.abades-delasombralaluz.com\/es\/#organization","name":"Villa de la Sombra a la Luz","url":"https:\/\/www.abades-delasombralaluz.com\/es\/","logo":{"@type":"ImageObject","inLanguage":"de","@id":"https:\/\/www.abades-delasombralaluz.com\/es\/#\/schema\/logo\/image\/","url":"https:\/\/www.abades-delasombralaluz.com\/wp-content\/uploads\/2024\/05\/logo-villa-abades.png","contentUrl":"https:\/\/www.abades-delasombralaluz.com\/wp-content\/uploads\/2024\/05\/logo-villa-abades.png","width":150,"height":120,"caption":"Villa de la Sombra a la Luz"},"image":{"@id":"https:\/\/www.abades-delasombralaluz.com\/es\/#\/schema\/logo\/image\/"}}]}},"_links":{"self":[{"href":"https:\/\/www.abades-delasombralaluz.com\/de\/wp-json\/wp\/v2\/pages\/992","targetHints":{"allow":["GET"]}}],"collection":[{"href":"https:\/\/www.abades-delasombralaluz.com\/de\/wp-json\/wp\/v2\/pages"}],"about":[{"href":"https:\/\/www.abades-delasombralaluz.com\/de\/wp-json\/wp\/v2\/types\/page"}],"author":[{"embeddable":true,"href":"https:\/\/www.abades-delasombralaluz.com\/de\/wp-json\/wp\/v2\/users\/1"}],"replies":[{"embeddable":true,"href":"https:\/\/www.abades-delasombralaluz.com\/de\/wp-json\/wp\/v2\/comments?post=992"}],"version-history":[{"count":0,"href":"https:\/\/www.abades-delasombralaluz.com\/de\/wp-json\/wp\/v2\/pages\/992\/revisions"}],"wp:featuredmedia":[{"embeddable":true,"href":"https:\/\/www.abades-delasombralaluz.com\/de\/wp-json\/wp\/v2\/media\/752"}],"wp:attachment":[{"href":"https:\/\/www.abades-delasombralaluz.com\/de\/wp-json\/wp\/v2\/media?parent=992"}],"curies":[{"name":"wp","href":"https:\/\/api.w.org\/{rel}","templated":true}]}}

<p>Gestärkt durch eine ozeanische Gelassenheit bietet Ihnen die Villa de la Sombra a la Luz die nötige Privatsphäre, umgeben von der Natur und der Aussicht, die für einen vulkanischen Ursprung typisch sind.</p>

<!-- This site is optimized with the Yoast SEO plugin v26.6 - https://yoast.com/wordpress/plugins/seo/ -->
<title>Die Villa - Villa de la Sombra a la Luz</title>
<meta name="robots" content="index, follow, max-snippet:-1, max-image-preview:large, max-video-preview:-1" />
<link rel="canonical" href="https://www.abades-delasombralaluz.com/de/la-villa/" />
<meta property="og:locale" content="de_DE" />
<meta property="og:type" content="article" />
<meta property="og:title" content="Die Villa - Villa de la Sombra a la Luz" />
<meta property="og:description" content="Gestärkt durch eine ozeanische Gelassenheit bietet Ihnen die Villa de la Sombra a la Luz die nötige Privatsphäre, umgeben von der Natur und der Aussicht, die für einen vulkanischen Ursprung typisch sind." />
<meta property="og:url" content="https://www.abades-delasombralaluz.com/de/la-villa/" />
<meta property="og:site_name" content="Villa de la Sombra a la Luz" />
<meta property="article:modified_time" content="2024-05-30T12:00:26+00:00" />
<meta property="og:image" content="https://www.abades-delasombralaluz.com/wp-content/uploads/2024/05/la-villa.jpg" />
	<meta property="og:image:width" content="1920" />
	<meta property="og:image:height" content="969" />
	<meta property="og:image:type" content="image/jpeg" />
<meta name="twitter:card" content="summary_large_image" />
<script type="application/ld+json" class="yoast-schema-graph">{"@context":"https://schema.org","@graph":[{"@type":"WebPage","@id":"https://www.abades-delasombralaluz.com/de/la-villa/","url":"https://www.abades-delasombralaluz.com/de/la-villa/","name":"Die Villa - Villa de la Sombra a la Luz","isPartOf":{"@id":"https://www.abades-delasombralaluz.com/es/#website"},"primaryImageOfPage":{"@id":"https://www.abades-delasombralaluz.com/de/la-villa/#primaryimage"},"image":{"@id":"https://www.abades-delasombralaluz.com/de/la-villa/#primaryimage"},"thumbnailUrl":"https://www.abades-delasombralaluz.com/wp-content/uploads/2024/05/la-villa.jpg","datePublished":"2024-05-13T13:24:02+00:00","dateModified":"2024-05-30T12:00:26+00:00","breadcrumb":{"@id":"https://www.abades-delasombralaluz.com/de/la-villa/#breadcrumb"},"inLanguage":"de","potentialAction":[{"@type":"ReadAction","target":["https://www.abades-delasombralaluz.com/de/la-villa/"]}]},{"@type":"ImageObject","inLanguage":"de","@id":"https://www.abades-delasombralaluz.com/de/la-villa/#primaryimage","url":"https://www.abades-delasombralaluz.com/wp-content/uploads/2024/05/la-villa.jpg","contentUrl":"https://www.abades-delasombralaluz.com/wp-content/uploads/2024/05/la-villa.jpg","width":1920,"height":969},{"@type":"BreadcrumbList","@id":"https://www.abades-delasombralaluz.com/de/la-villa/#breadcrumb","itemListElement":[{"@type":"ListItem","position":1,"name":"Accueil","item":"https://www.abades-delasombralaluz.com/de/"},{"@type":"ListItem","position":2,"name":"Die Villa"}]},{"@type":"WebSite","@id":"https://www.abades-delasombralaluz.com/es/#website","url":"https://www.abades-delasombralaluz.com/es/","name":"Villa de la Sombra a la Luz","description":"Location de vacances","publisher":{"@id":"https://www.abades-delasombralaluz.com/es/#organization"},"potentialAction":[{"@type":"SearchAction","target":{"@type":"EntryPoint","urlTemplate":"https://www.abades-delasombralaluz.com/es/?s={search_term_string}"},"query-input":{"@type":"PropertyValueSpecification","valueRequired":true,"valueName":"search_term_string"}}],"inLanguage":"de"},{"@type":"Organization","@id":"https://www.abades-delasombralaluz.com/es/#organization","name":"Villa de la Sombra a la Luz","url":"https://www.abades-delasombralaluz.com/es/","logo":{"@type":"ImageObject","inLanguage":"de","@id":"https://www.abades-delasombralaluz.com/es/#/schema/logo/image/","url":"https://www.abades-delasombralaluz.com/wp-content/uploads/2024/05/logo-villa-abades.png","contentUrl":"https://www.abades-delasombralaluz.com/wp-content/uploads/2024/05/logo-villa-abades.png","width":150,"height":120,"caption":"Villa de la Sombra a la Luz"},"image":{"@id":"https://www.abades-delasombralaluz.com/es/#/schema/logo/image/"}}]}</script>
<!-- / Yoast SEO plugin. -->

Gestärkt durch eine ozeanische Gelassenheit bietet Ihnen die Villa de la Sombra a la Luz die nötige Privatsphäre, umgeben von der Natur und der Aussicht, die für einen vulkanischen Ursprung typisch sind.
